n divisor of 12 and k.
6
Suppose -4*z = -o + 11, 5*z = 5*o - 0*z - 55. Let q = o - 0. Calculate the highest common factor of q and 44.
11
Let z be -1 - (15/(-3) - 1). Suppose 2*g = -2*r + 395 + 37, 420 = 2*r + z*g. Suppose 0*y = -5*y + r. Calculate the greatest common divisor of 11 and y.
11
Let i be 27 + 0 + (-6 - 49/(-7)). Calculate the highest common divisor of 84 and i.
28
Let k be 16/(64/(-36) + 2). Let g(x) = x + 9. Let y be g(0). Calculate the greatest common divisor of k and y.
9
Let v(a) = -3*a - 20. Let h be v(-8). Calculate the greatest common factor of h and 36.
4
Let t = 43 + 4. Let n be 254/8 - 2/(-8). Let g = t - n. What is the greatest common factor of g and 5?
5
Suppose -4*z + 59 = j + 2*j, -103 = -5*j - 2*z. Calculate the highest common factor of 231 and j.
21
Let y(w) = 2*w**2 + 2*w + 4. Let l be y(-3). Calculate the highest common factor of 128 and l.
16
Suppose 0 = 2*u + 3*v - 25, 2*u + v = -3*v + 26. Calculate the greatest common divisor of u and 55.
11
Suppose -16 = 4*x, h + 11 = x + 4. Let p = h - -29. Let n = p - 4. Calculate the highest common divisor of 112 and n.
14
Suppose -z - d + 10 = 2, 2*z = 3*d + 41. What is the highest common factor of z and 169?
13
Let s be -1195 + -2 + 0 + 3. Let v be (-1)/(-4) + s/(-24). What is the greatest common divisor of v and 10?
10
Suppose -4*i = -236 - 180. Calculate the highest common divisor of i and 26.
26
Suppose -y - 2*w + 5 = 0, -5*w + 5 = -2*y + 3*y. What is the greatest common factor of 5 and y?
5
Let d = -2 - -4. Suppose -7*s + 5 = -d*s, -3*a - 4*s = -10. Let k = -47 - -55. Calculate the greatest common factor of k and a.
2
Let b(h) = 40*h. Let z be b(1). Suppose 3*c + 9 - 57 = 0. Calculate the highest common factor of z and c.
8
Let o = -51 - -84. Suppose -m = 0, -4*c + 0*c + 12 = -3*m. What is the greatest common divisor of o and c?
3
Let s(y) = -y**3 + 12*y**2 + 3*y - 15. Let c be s(12). What is the greatest common factor of 147 and c?
21
Suppose -4*m = -285 - 3. Let d(g) = -g**3 + 5*g**2 - 3*g + 4. Let b be d(4). Calculate the greatest common divisor of b and m.
8
Suppose 44*m - 306 = 38*m. What is the highest common factor of 34 and m?
17
Let c(y) = -93*y - 9. Let l be c(-6). Suppose -5*x - 2*o + l - 58 = 0, 0 = 3*o + 6. What is the greatest common factor of x and 9?
9
Let v be 3*(-2 + 1 + 4). Calculate the highest common divisor of 63 and v.
9
Let o(h) = h**3 - 5*h**2 - 10*h + 2. Let g be o(8). Suppose g = 4*b - 90. Calculate the greatest common factor of b and 34.
17
Let s be ((-12)/(-16))/((-2)/(-8)). Let z be s*(0 + (-280)/(-6)). Let v = 47 - 27. What is the highest common divisor of v and z?
20
Let v(y) = -y**3 - 7*y**2 - 7*y - 5. Let o be v(-6). Let n(z) = -13*z + 28*z + 37*z - 4*z. Let l be n(o). What is the highest common factor of 12 and l?
12
Let t be (9/15)/((-1)/(-10)). Calculate the greatest common factor of t and 6.
6
Suppose 8*d = 2*d + 120. Let x(z) = z**3 + 6*z**2 - 5*z. Let f be x(-6). Calculate the greatest common divisor of d and f.
10
Let l be 8*((-2)/(-4) - 1). Let g = -2 - l. Let c = g - -2. What is the greatest common factor of 12 and c?
4
Let c = 1 - 1. Let n be c + 3*(-20)/(-12). Suppose 0 = 5*r - d - 3*d - 88, -2*r + 3*d = -31. What is the highest common divisor of n and r?
5
Let r be 4*2 - (-1 - -1). Let a = -1 - -7. Suppose 0 = -a*d + 2*d + 4. What is the greatest common factor of d and r?
1
Let s be -4 + (-19 - 6)*-1*2. What is the greatest common factor of s and 46?
46
Let g = 9 + -2. Let o(d) be the first derivative of d**4/4 - 2*d**3 - 5*d**2/2 + 6*d + 2. Let z be o(g). What is the greatest common factor of z and 5?
5
Suppose -k - 2 + 6 = 0, 4*o + 4*k = 0. Let y be o/(-6) + 102/9. What is the highest common factor of y and 4?
4
Let m be 13 - (1 + 3) - 0. Calculate the greatest common divisor of 9 and m.
9
Suppose -12*k = -14*k + 88. What is the highest common divisor of 22 and k?
22
Suppose 28 = j + 4*a, 2*j + 2*a - 50 = -0*j. Calculate the highest common factor of 4 and j.
4
Let c(w) = 4*w**3 - 2*w**2 - 2*w + 2. Let r be c(3). What is the greatest common factor of 43 and r?
43
Let w be 16 + -3*(-4)/(-12). Calculate the highest common factor of w and 10.
5
Let i(x) = -x**3 - 13*x**2 + 13*x + 10. Let l be (-15 + 1)/(-6 - -7). Let g be i(l). Calculate the greatest common factor of g and 3.
3
Let i = 27 - 15. Calculate the highest common factor of 4 and i.
4
Let w = -73 - -84. Calculate the greatest common factor of 11 and w.
11
Let y = -30 + 37. What is the greatest common factor of y and 21?
7
Let z = -70 + 76. What is the highest common divisor of 10 and z?
2
Let j be (-34)/12 - 1/6. Let s be (-3 + 3)/4 - j. Calculate the greatest common factor of 12 and s.
3
Let i(p) be the first derivative of p**2/2 + 5*p - 1. Let f be i(0). Suppose f*g = g + 220. What is the greatest common factor of 22 and g?
11
Let x be (15/2)/(6/16). Let s be -7 - (17/(-1) - -2). Calculate the highest common divisor of x and s.
4
Let a be (-1 - -11) + 2/(-2). Suppose a - 32 = -l. What is the highest common divisor of l and 23?
23
Let f(i) = 2*i**2 + 14*i + 10. Let s be f(-9). Let c = -107 - -222. What is the greatest common factor of c and s?
23
Suppose -4*b = -0*b - 384. Let y = b - 48. Suppose -p = p - 2*o - 22, o = -4*p + 49. Calculate the greatest common factor of y and p.
12
Let v(j) = -j**3 - 11*j**2 - 2*j - 1. Let m be v(-11). What is the highest common divisor of m and 63?
21
Let p be (-9)/(-3 - (-1 + -1)). Let u(m) = -4*m**3 + 2*m**2 + 3*m + 1. Let s be u(-2). Suppose -x = -s - 1. Calculate the highest common divisor of x and p.
9
Let b be 9/3 - 0 - -1. Let x = b - 3. Let k be -1*(2 + x)*-5. What is the greatest common divisor of k and 5?
5
Suppose -75 = 5*q - 5*v, -3*v - 54 - 61 = 5*q. Let k be 2/1*(0 - -1). Let a be 0 + k - (q + -2). Calculate the highest common factor of 16 and a.
8
Let o be (105/14)/(1/4). What is the greatest common divisor of 10 and o?
10
Let t = -5 - -3. Let n = t + 7. Calculate the highest common factor of n and 40.
5
Let b = -30 - -38. What is the greatest common factor of b and 32?
8
Let a(w) = w**2 + 2*w + 6. Let h be a(-6). What is the highest common divisor of 45 and h?
15
Suppose 3*i + 2*y = 155, 4*i - 3*y + y = 230. Let n be (18/(-15))/((-4)/60). Suppose -n - 92 = -5*v. Calculate the greatest common factor of i and v.
11
Let w(k) = -k**2 + 12*k - 7. Let g = 8 + 0. Let a be w(g). Suppose -5*f + a = -x, 7*f = 5*f + 2*x + 18. What is the greatest common divisor of 28 and f?
4
Suppose -31 = -a + 5*b, 0 = a - 4*a + 5*b + 43. Suppose -5*i + 39 = r, -r + 4*i - a = -0. What is the greatest common divisor of 14 and r?
14
Let y = -22 + 46. Suppose 3*p - 4*j - 34 = 0, -j + 3*j = -8. What is the highest common divisor of y and p?
6
Suppose s - 20 = -s. Suppose 0 = 6*g - 4*g - 4. Suppose 4*z - y - 2*y - 57 = 0, -g*y - 28 = -2*z. Calculate the highest common factor of s and z.
5
Let k be 793/8 - (-1)/(-8). Calculate the highest common divisor of 9 and k.
9
Suppose 164 = 5*z - 111. Suppose 0 = -2*n + i - 2*i + z, 0 = -n + 5*i + 55. What is the highest common divisor of n and 15?
15
Let s(v) = 2*v**2 - 10*v + 8. Let l be s(7). Suppose l + 39 = 5*k. What is the highest common factor of k and 10?
5
Suppose -10*k + 76 = -164. Calculate the greatest common divisor of 30 and k.
6
Let w = -12 - -14. Calculate the highest common factor of w and 6.
2
Suppose -3*u - 380 = -8*u. Suppose 0 = 5*y + 2*j - u, -6*y + 2*y + 71 = 5*j. What is the greatest common divisor of y and 28?
14
Suppose -2*s + 42 = -2*z, -4*s - 2*z = -56 + 2. Suppose 195 = 2*y - 157. What is the highest common divisor of s and y?
16
Let g(w) = w**3 - 2*w**2 - 2*w. Let c be g(4). Suppose -h - c = -3*h. Calculate the highest common divisor of 36 and h.
12
Let n = 65 - -22. Calculate the highest common factor of n and 58.
29
Let c(n) = -9*n - 1. Let s be c(-2). Let p = -83 - -172. Suppose -g = -p - 64. What is the highest common divisor of g and s?
17
Suppose 5*j + 129 - 19 = 0. Let p be (-2)/(-11) - 5716/j. Suppose 3*w - p = -w. Calculate the greatest common factor of w and 26.
13
Let r = -304 + 458. Calculate the greatest common divisor of 14 and r.
14
Let h be -2 - (-1)/1 - 13. Let w = 6 + -5. Let y = w - h. Calculate the highest common factor of y and 105.
15
Let x be -70*2/8